ainder when 2067 is divided by 30?
27
What is the remainder when 1612 is divided by 11?
6
What is the remainder when 629 is divided by 128?
117
What is the remainder when 1758 is divided by 220?
218
Calculate the remainder when 106 is divided by 52.
2
What is the remainder when 95 is divided by 12?
11
What is the remainder when 74 is divided by 22?
8
What is the remainder when 471 is divided by 69?
57
What is the remainder when 122 is divided by 35?
17
Calculate the remainder when 3215 is divided by 325.
290
What is the remainder when 15 is divided by 3?
0
Calculate the remainder when 1523 is divided by 382.
377
What is the remainder when 492 is divided by 117?
24
Calculate the remainder when 2145 is divided by 94.
77
What is the remainder when 2957 is divided by 3?
2
What is the remainder when 158 is divided by 20?
18
Calculate the remainder when 12 is divided by 7.
5
What is the remainder when 476 is divided by 16?
12
What is the remainder when 706 is divided by 143?
134
Calculate the remainder when 1969 is divided by 644.
37
What is the remainder when 1258 is divided by 63?
61
What is the remainder when 1598 is divided by 53?
8
What is the remainder when 38 is divided by 17?
4
Calculate the remainder when 238 is divided by 10.
8
What is the remainder when 295 is divided by 101?
93
Calculate the remainder when 718 is divided by 17.
4
What is the remainder when 1101 is divided by 29?
28
Calculate the remainder when 111 is divided by 106.
5
What is the remainder when 321 is divided by 31?
11
What is the remainder when 6218 is divided by 23?
8
Calculate the remainder when 225 is divided by 38.
35
Calculate the remainder when 392 is divided by 75.
17
What is the remainder when 124 is divided by 42?
40
What is the remainder when 5828 is divided by 5826?
2
Calculate the remainder when 122 is divided by 33.
23
Calculate the remainder when 1223 is divided by 18.
17
What is the remainder when 390 is divided by 6?
0
Calculate the remainder when 2026 is divided by 29.
25
What is the remainder when 5056 is divided by 12?
4
Calculate the remainder when 894 is divided by 257.
123
Calculate the remainder when 570 is divided by 151.
117
What is the remainder when 967 is divided by 12?
7
Calculate the remainder when 4991 is divided by 12.
11
Calculate the remainder when 98 is divided by 91.
7
What is the remainder when 8927 is divided by 19?
16
What is the remainder when 267 is divided by 120?
27
Calculate the remainder when 866 is divided by 232.
170
Calculate the remainder when 512 is divided by 170.
2
Calculate the remainder when 838 is divided by 168.
166
What is the remainder when 374 is divided by 185?
4
What is the remainder when 7175 is divided by 69?
68
Calculate the remainder when 2643 is divided by 50.
43
Calculate the remainder when 89 is divided by 49.
40
What is the remainder when 171 is divided by 86?
85
Calculate the remainder when 4217 is divided by 10.
7
What is the remainder when 384 is divided by 124?
12
Calculate the remainder when 624 is divided by 45.
39
What is the remainder when 85 is divided by 65?
20
What is the remainder when 482 is divided by 44?
42
What is the remainder when 1325 is divided by 26?
25
What is the remainder when 3298 is divided by 50?
48
What is the remainder when 194 is divided by 91?
12
Calculate the remainder when 93 is divided by 40.
13
Calculate the remainder when 155 is divided by 100.
55
What is the remainder when 836 is divided by 399?
38
Calculate the remainder when 1918 is divided by 37.
31
What is the remainder when 879 is divided by 180?
159
Calculate the remainder when 58 is divided by 20.
18
Calculate the remainder when 319 is divided by 81.
76
What is the remainder when 715 is divided by 48?
43
Calculate the remainder when 124 is divided by 76.
48
What is the remainder when 1259 is divided by 338?
245
What is the remainder when 748 is divided by 75?
73
What is the remainder when 87 is divided by 9?
6
Calculate the remainder when 2154 is divided by 154.
152
What is the remainder when 243 is divided by 82?
79
Calculate the remainder when 95 is divided by 55.
40
Calculate the remainder when 41 is divided by 25.
16
Calculate the remainder when 4045 is divided by 253.
250
What is the remainder when 1886 is divided by 35?
31
Calculate the remainder when 188 is divided by 12.
8
What is the remainder when 172 is divided by 62?
48
What is the remainder when 926 is divided by 29?
27
What is the remainder when 898 is divided by 12?
10
What is the remainder when 162 is divided by 41?
39
What is the remainder when 73 is divided by 7?
3
What is the remainder when 3088 is divided by 35?
8
What is the remainder when 1782 is divided by 256?
246
What is the remainder when 254 is divided by 11?
1
Calculate the remainder when 880 is divided by 14.
12
Calculate the remainder when 311 is divided by 39.
38
What is the remainder when 153 is divided by 28?
13
Calculate the remainder when 434 is divided by 157.
120
What is the remainder when 225 is divided by 12?
9
Calculate the remainder when 80 is divided by 35.
10
What is the remainder when 737 is divided by 41?
40
Calculate the remainder when 585 is divided by 291.
3
Calculate the remainder when 41 is divided by 36.
5
Calculate the remainder when 1449 is divided by 25.
24
What is the remainder when 677 is divided by 58?
39
Calculate the remainder when 3157 is divided by 79.
76
Calculate the remainder when 274 is divided by 273.
1
Calculate the remainder when 261 is divided by 62.
13
Calculate the remainder when 361 is divided by 28.
25
What is the remainder when 132 is divided by 51?
30
Calculate the remainder when 104 is divided by 23.
12
What is the remainder when 1128 is divided by 353?
69
What is the remainder when 1436 is divided by 670?
96
Calculate the remainder when 246 is divided by 21.
15
Calculate the remainder when 344 is divided by 40.
24
What is the remainder when 288 is divided by 58?
56
Calculate the remainder when 5621 is divided by 16.
5
Calculate the remainder when 72 is divided by 7.
2
Calculate the remainder when 256 is divided by 102.
52
Calculate the remainder when 146 is divided by 143.
3
Calculate the remainder when 166 is divided by 39.
10
Calculate the remainder when 475 is divided by 68.
67
Calculate the remainder when 309 is divided by 143.
23
What is the remainder when 470 is divided by 161?
148
What is the remainder when 15481 is divided by 158?
155
What is the remainder when 72 is divided by 39?
33
What is the remainder when 1173 is divided by 383?
24
What is the remainder when 921 is divided by 901?
20
What is the remainder when 3495 is divided by 184?
183
What is the remainder when 4283 is divided by 134?
129
Calculate the remainder when 508 is divided by 51.
49
What is the remainder when 146 is divided by 31?
22
Calculate the remainder when 287 is divided by 56.
7
Calculate the remainder when 50 is divided by 39.
11
Calculate the remainder when 201 is divided by 14.
5
What is the remainder when 10190 is divided by 13?
11
What is the remainder when 412 is divided by 32?
28
What is the remainder when 447 is divided by 25?
22
What is the remainder when 14074 is divided by 12?
10
Calculate the remainder when 176 is divided by 33.
11
Calculate the remainder when 625 is divided by 45.
40
What is the remainder when 185 is divided by 53?
26
What is the remainder when 5658 is divided by 37?
34
What is the remainder when 1141 is divided by 82?
75
What is the remainder when 160 is divided by 11?
6
Calculate the remainder when 534 is divided by 20.
14
Calculate the remainder when 327 is divided by 122.
83
What is the remainder when 69 is divided by 14?
13
What is the remainder when 1107 is divided by 9?
0
What is the remainder when 1480 is divided by 4?
0
What is the remainder when 406 is divided by 102?
100
Calculate the remainder when 100 is divided by 54.
46
Calculate the remainder when 662 is divided by 9.
5
Calculate the remainder when 353 is divided by 59.
58
What is the remainder when 11637 is divided by 97?
94
What is the remainder when 1225 is divided by 1224?
1
What is the remainder when 719 is divided by 53?
30
What is the remainder when 21 is divided by 6?
3
What is the remainder when 879 is divided by 173?
14
Calculate the remaind